{"id":940,"date":"2020-04-13T20:51:24","date_gmt":"2020-04-13T20:51:24","guid":{"rendered":"http:\/\/odkosticky.cz\/?page_id=940"},"modified":"2023-05-04T13:47:15","modified_gmt":"2023-05-04T13:47:15","slug":"ciri-od-kosticky-cz-2","status":"publish","type":"page","link":"https:\/\/odkosticky.cz\/?page_id=940&lang=en","title":{"rendered":"Ciri od Kosticky, CZ"},"content":{"rendered":"<p><img loading=\"lazy\" class=\"size-medium wp-image-1031 alignleft\" src=\"http:\/\/odkosticky.cz\/wp-content\/uploads\/2020\/12\/ciri2-1-300x300.jpg\" alt=\"\" width=\"300\" height=\"300\" srcset=\"https:\/\/odkosticky.cz\/wp-content\/uploads\/2020\/12\/ciri2-1-300x300.jpg 300w, https:\/\/odkosticky.cz\/wp-content\/uploads\/2020\/12\/ciri2-1-150x150.jpg 150w, https:\/\/odkosticky.cz\/wp-content\/uploads\/2020\/12\/ciri2-1-768x768.jpg 768w, https:\/\/odkosticky.cz\/wp-content\/uploads\/2020\/12\/ciri2-1-100x100.jpg 100w, https:\/\/odkosticky.cz\/wp-content\/uploads\/2020\/12\/ciri2-1.jpg 984w\" sizes=\"(max-width: 300px) 100vw, 300px\" \/>*12.5.2018<\/p>\n<p>Siberian cat<\/p>\n<p>color: black silver spotted with white (and with sunshine, so called bimetalic)<\/p>\n<p>color genotype: AA BB CC DD Ii Ss<\/p>\n<p>SIB ns(u) 09 24<\/p>\n<p><a href=\"https:\/\/pawpeds.com\/db\/?a=p&amp;id=1410626&amp;g=4&amp;p=sib&amp;o=ajgrep\">Pedigree<\/a><\/p>\n<p>Ciri was born in our cattery at the litter C. <a href=\"http:\/\/odkosticky.cz\/?page_id=207&amp;lang=en\">Our Flora<\/a> is her mom. Her father is very nice and hendsome stud <a href=\"http:\/\/www.whitewitch.cz\/benjamin.html\">Benjamin Khaleesi Delia, CZ from White Witch cattery<\/a>. Ciri has the same color as her father (including pretty similar distribution of white spots). She has beautiful green eyes.<\/p>\n<p>Ciri was born as the second baby from the litter, but since the very first moments she was very curious and explorative. And she always tried to be the first one before <a href=\"https:\/\/www.facebook.com\/odkosticky\/photos\/?tab=album&amp;album_id=2858306791124257\">her brother Cid<\/a>. She was the first one to open her eyes, she was the first one on exploration travel from the baby box, she was the first one to taste the meat and she growled like a tiger during that moment. As babies and youngsters Ciri and her brother Cid were very much attached to each other and Ciri was the brave leader. They always wanted to travel together in the box. Ciri even tried to protect her brother at the first vet visit, which Cid did not enjoy much.<\/p>\n<figure id=\"attachment_943\" aria-describedby=\"caption-attachment-943\" style=\"width: 300px\" class=\"wp-caption alignleft\"><img loading=\"lazy\" class=\"wp-image-943 size-medium\" src=\"http:\/\/odkosticky.cz\/wp-content\/uploads\/2020\/04\/Ciri6t-300x199.jpg\" alt=\"\" width=\"300\" height=\"199\" \/><figcaption id=\"caption-attachment-943\" class=\"wp-caption-text\">Ciri 6 weeks old<\/figcaption><\/figure>\n<figure id=\"attachment_944\" aria-describedby=\"caption-attachment-944\" style=\"width: 300px\" class=\"wp-caption alignright\"><img loading=\"lazy\" class=\"wp-image-944 size-medium\" src=\"http:\/\/odkosticky.cz\/wp-content\/uploads\/2020\/04\/Ciri2m-300x199.jpg\" alt=\"\" width=\"300\" height=\"199\" \/><figcaption id=\"caption-attachment-944\" class=\"wp-caption-text\">Ciri 2 months old<\/figcaption><\/figure>\n<p>Ciri is a big trickster, she is very clever and she loves to play. She likes to steal things and consider them as the best trophy, even if it is just a pencil or a coaster. She was quite wild and crazy as youngster but now when she is close to her motherhood time, she settled a bit. She always wants to be in company either with other cats or with people, which she loves. She is very cuddly and affectionate. We have very nice evening habit, when she acompanies me while I go to bed. She likes to play \u201ecatch the mouse under the blanket\u201c game for a while and than she snuggles to my hip and guards me until I fall asleep.<\/p>\n<p>Ciri lives with us. We visit some show time to time. She likes traveling and she behaves well at the shows. She has to two CAC certificates, we hope to get the third once the shows will be allowed again. She had her first litter of kittens in 2020, two very lovely boys.<\/p>\n<h4><img loading=\"lazy\" class=\"alignnone size-large wp-image-1032\" src=\"http:\/\/odkosticky.cz\/wp-content\/uploads\/2020\/12\/cirinka2-1-1024x662.jpg\" alt=\"\" width=\"525\" height=\"339\" srcset=\"https:\/\/odkosticky.cz\/wp-content\/uploads\/2020\/12\/cirinka2-1-1024x662.jpg 1024w, https:\/\/odkosticky.cz\/wp-content\/uploads\/2020\/12\/cirinka2-1-300x194.jpg 300w, https:\/\/odkosticky.cz\/wp-content\/uploads\/2020\/12\/cirinka2-1-768x497.jpg 768w\" sizes=\"(max-width: 525px) 100vw, 525px\" \/><\/h4>\n<h4>Health tests:<\/h4>\n<p>Blood group\u00a0\u2013 A\/A (tested geneticaly at MyCatDNA)<\/p>\n<p>FIV \u2013 tested with negative result (last test March 2021)<\/p>\n<p>FeLV \u2013 tested with negative result (last test March 2021)<\/p>\n<p><em>Chlamydia spp.<\/em> \u2013 tested with negative result (last test April 2023), vaccinated<\/p>\n<p><em>Mycoplasma, Ureaplasma<\/em> \u2013 tested with negative result (last test April 2023)<\/p>\n<p><em>Streptococcus<\/em> \u2013 tested with negative result (last test April 2022)<\/p>\n<p>FCoV \u2013 antibodies negative (last test January 2020), RT-PCR negative (last test April 2022)<\/p>\n<p><em>Giardia<\/em> \u2013 tested with negative result (last test September 2022)<\/p>\n<p>PKD\u00a0\u2013 sono clear (last in December 2020), she does not carry mutation PKD1 (MyCatDNA)<\/p>\n<p>HCM \u2013 sono normal (last in January 2022), <a href=\"https:\/\/pawpeds.com\/db\/?a=h&amp;id=1410626&amp;g=4&amp;p=sib&amp;o=ajgrep\">results available at pawpeds database<\/a><\/p>\n<p>PKdef \u2013 she does not carry mutation PKdef (MyCatDNA)<\/p>\n<p>High genetic diversity \u2013 38,4% (MyCatDNA)<\/p>\n<p><img loading=\"lazy\" class=\"alignright size-large wp-image-946\" src=\"http:\/\/odkosticky.cz\/wp-content\/uploads\/2020\/04\/Ciri-od-Kosticky-bimetalic-siberian-681x1024.jpg\" alt=\"\" width=\"525\" height=\"789\" srcset=\"https:\/\/odkosticky.cz\/wp-content\/uploads\/2020\/04\/Ciri-od-Kosticky-bimetalic-siberian-681x1024.jpg 681w, https:\/\/odkosticky.cz\/wp-content\/uploads\/2020\/04\/Ciri-od-Kosticky-bimetalic-siberian-199x300.jpg 199w, https:\/\/odkosticky.cz\/wp-content\/uploads\/2020\/04\/Ciri-od-Kosticky-bimetalic-siberian-768x1155.jpg 768w, https:\/\/odkosticky.cz\/wp-content\/uploads\/2020\/04\/Ciri-od-Kosticky-bimetalic-siberian.jpg 2000w\" sizes=\"(max-width: 525px) 100vw, 525px\" \/><\/p>\n","protected":false},"excerpt":{"rendered":"<p>*12.5.2018 Siberian cat color: black silver spotted with white (and with sunshine, so called bimetalic) color genotype: AA BB CC DD Ii Ss SIB ns(u) 09 24 Pedigree Ciri was born in our cattery at the litter C. Our Flora is her mom. Her father is very nice and hendsome stud Benjamin Khaleesi Delia, CZ &hellip; <\/p>\n<p class=\"link-more\"><a href=\"https:\/\/odkosticky.cz\/?page_id=940&#038;lang=en\" class=\"more-link\">Pokra\u010dovat ve \u010dten\u00ed<span class=\"screen-reader-text\"> &#8222;Ciri od Kosticky, CZ&#8220;<\/span><\/a><\/p>\n","protected":false},"author":1,"featured_media":0,"parent":0,"menu_order":0,"comment_status":"closed","ping_status":"closed","template":"","meta":{"_mi_skip_tracking":false},"_links":{"self":[{"href":"https:\/\/odkosticky.cz\/index.php?rest_route=\/wp\/v2\/pages\/940"}],"collection":[{"href":"https:\/\/odkosticky.cz\/index.php?rest_route=\/wp\/v2\/pages"}],"about":[{"href":"https:\/\/odkosticky.cz\/index.php?rest_route=\/wp\/v2\/types\/page"}],"author":[{"embeddable":true,"href":"https:\/\/odkosticky.cz\/index.php?rest_route=\/wp\/v2\/users\/1"}],"replies":[{"embeddable":true,"href":"https:\/\/odkosticky.cz\/index.php?rest_route=%2Fwp%2Fv2%2Fcomments&post=940"}],"version-history":[{"count":9,"href":"https:\/\/odkosticky.cz\/index.php?rest_route=\/wp\/v2\/pages\/940\/revisions"}],"predecessor-version":[{"id":1408,"href":"https:\/\/odkosticky.cz\/index.php?rest_route=\/wp\/v2\/pages\/940\/revisions\/1408"}],"wp:attachment":[{"href":"https:\/\/odkosticky.cz\/index.php?rest_route=%2Fwp%2Fv2%2Fmedia&parent=940"}],"curies":[{"name":"wp","href":"https:\/\/api.w.org\/{rel}","templated":true}]}}