{"id":338,"date":"2018-03-11T22:50:51","date_gmt":"2018-03-11T22:50:51","guid":{"rendered":"http:\/\/odkosticky.cz\/?page_id=338"},"modified":"2021-01-02T01:07:39","modified_gmt":"2021-01-02T01:07:39","slug":"jak-to-u-nas-chodi","status":"publish","type":"page","link":"https:\/\/odkosticky.cz\/?page_id=338&lang=cs","title":{"rendered":"Jak to u n\u00e1s chod\u00ed?"},"content":{"rendered":"<h4>Chovatelsk\u00fd c\u00edl a podm\u00ednky chovu<\/h4>\n<p><a href=\"http:\/\/odkosticky.cz\/wp-content\/uploads\/2017\/05\/Flora-Brunnhilda.jpg\"><img loading=\"lazy\" class=\"alignleft size-medium wp-image-272\" src=\"http:\/\/odkosticky.cz\/wp-content\/uploads\/2017\/05\/Flora-Brunnhilda-300x199.jpg\" alt=\"\" width=\"300\" height=\"199\" srcset=\"https:\/\/odkosticky.cz\/wp-content\/uploads\/2017\/05\/Flora-Brunnhilda-300x199.jpg 300w, https:\/\/odkosticky.cz\/wp-content\/uploads\/2017\/05\/Flora-Brunnhilda-768x511.jpg 768w, https:\/\/odkosticky.cz\/wp-content\/uploads\/2017\/05\/Flora-Brunnhilda-1024x681.jpg 1024w\" sizes=\"(max-width: 300px) 100vw, 300px\" \/><\/a><a name=\"_GoBack\"><\/a>U sv\u00fdch ko\u010dek i odchov\u016f se chci zam\u011b\u0159it zejm\u00e9na na jejich zdrav\u00ed a pohodu. Podrobn\u00e9 informace o zdravotn\u00edch vy\u0161et\u0159en\u00edch m\u00fdch ko\u010dek m\u016f\u017eete naj\u00edt na <a href=\"http:\/\/odkosticky.cz\/?page_id=75&amp;lang=cs\">jejich\u00a0profilu<\/a>. U ko\u010di\u010d\u00e1k\u016f, po kter\u00fdch pl\u00e1nuji ko\u0165\u00e1tka, najdete samoz\u0159ejm\u011b \u0161ir\u0161\u00ed spektrum zdravotn\u00edch vy\u0161et\u0159en\u00ed ne\u017e u kastrovan\u00fdch mazl\u00ed\u010dk\u016f, kte\u0159\u00ed s n\u00e1mi \u017eij\u00ed v dom\u00e1cnosti. Ale i kastr\u00e1ti chod\u00ed na pravideln\u00e9 zdravotn\u00ed prohl\u00eddky a vy\u0161et\u0159en\u00ed infek\u010dn\u00edch nemoci.<\/p>\n<p>U ko\u010di\u010d\u00edch rodi\u010d\u016f je pro m\u011b d\u016fle\u017eit\u00e1 povaha.\u00a0 Chci odchov\u00e1vat sebev\u011bdom\u00e1 a p\u0159\u00e1telsk\u00e1 ko\u0165\u00e1tka, pro kter\u00e1 nen\u00ed probl\u00e9m seznamov\u00e1n\u00ed se s n\u00e1v\u0161t\u011bvami, cestov\u00e1n\u00ed a b\u011b\u017en\u00e9 opatrovac\u00ed procedury. Tak aby byla vhodn\u00fdmi par\u0165\u00e1ky pro svoje budouc\u00ed p\u00e1n\u00ed\u010dky stejn\u011b jako na\u0161i ko\u010di\u010d\u00e1ci doma.<\/p>\n<p>Mysl\u00edm, \u017ee u chovatele jsou velice d\u016fle\u017eit\u00e9 zku\u0161enosti a tak\u00e9 jeho kontinu\u00e1ln\u00ed vzd\u011bl\u00e1v\u00e1n\u00ed. Pravideln\u011b se \u00fa\u010dastn\u00edm p\u0159edn\u00e1\u0161ek s poradci chovu, veterin\u00e1\u0159i a zku\u0161en\u00fdmi chovateli, kter\u00e9 organizuj\u00ed n\u011bkter\u00e9 ZO v r\u00e1mci SCHK. Tak\u00e9 jsem se za\u010dala zaj\u00edmat o \u0161v\u00e9dskou organizaci Pawpeds. Pawpeds spravuje na sv\u00fdch str\u00e1nk\u00e1ch jednu z nejv\u011bt\u0161\u00edch datab\u00e1z\u00ed rodokmen\u016f ko\u010dek, ale tak\u00e9 se v\u011bnuje vzd\u011bl\u00e1v\u00e1n\u00ed chovatel\u016f a organizuje zdravotn\u00ed programy, kter\u00e9 spolu s registrac\u00ed v datab\u00e1zi maj\u00ed pomoci evidovat v\u00fdskyt a rizika n\u011bkter\u00fdch d\u011bdi\u010dn\u00fdch onemocn\u011bn\u00ed. V r\u00e1mci Pawpeds vzd\u011bl\u00e1vac\u00edho programu jsem u\u017e absolvovala dva v\u00fdukov\u00e9 kurzy v angli\u010dtin\u011b (\u00farove\u0148 G1 a G2). Z\u00e1kladn\u00ed kurz G1, kter\u00fd je vhodn\u00fd nejenom pro chovatele ale i majitele ko\u010dek, je nyn\u00ed k dispozici i v \u010de\u0161tin\u011b &#8211; <a href=\"https:\/\/www.pawpeds.com\/pawacademy\/courses\/g1\/g1info_cz.html\">v\u00edce informac\u00ed o kurzu p\u0159\u00edmo na str\u00e1nce PawAcademy<\/a> &#8211; v\u0159ele doporu\u010duji ho ka\u017ed\u00e9mu milovn\u00edkovi ko\u010dek absolvovat. Chovn\u00e9 ko\u010dky, kter\u00e9 spadaj\u00ed pod mou chovatelskou stanici, jsou a budou za\u0159azeny do zdravotn\u00edho programu HCM, kter\u00fd Pawpeds zast\u0159e\u0161uje. Pawpeds tak\u00e9 sjednocuje vzd\u011bl\u00e1v\u00e1n\u00ed veterin\u00e1\u0159\u016f specialist\u016f kardiolog\u016f a eviduje v\u00fdsledky ko\u010dek, kter\u00e9 absolvovali preventivn\u00ed vy\u0161et\u0159en\u00ed, v datab\u00e1zi &#8211; v\u00edce informac\u00ed o zdravotn\u00edm programu HCM, kter\u00fd se t\u00fdk\u00e1 i plemene Sibi\u0159sk\u00e1 ko\u010dka <a href=\"https:\/\/www.pawpeds.com\/healthprogrammes\/hcm.html\">tady (pouze v angli\u010dtin\u011b)<\/a>. Nov\u011b jsou v\u0161echny m\u00e9 chovn\u00e9 ko\u010dky tak\u00e9 za\u0159azen\u00e9 do zdravotn\u00edho programu pro prevenci <a href=\"https:\/\/pawpeds.com\/healthprogrammes\/hd.html\">dyspl\u00e1zii ky\u010dl\u00ed, kter\u00fd je takt\u00e9\u017e veden pod Pawpeds<\/a>.<\/p>\n<p><img loading=\"lazy\" class=\"alignnone wp-image-300 size-full\" src=\"http:\/\/odkosticky.cz\/wp-content\/uploads\/2017\/05\/G1RibbonSmall-e1542404420807.gif\" alt=\"\" width=\"70\" height=\"129\" \/><img loading=\"lazy\" class=\"alignnone wp-image-411 size-full\" src=\"http:\/\/odkosticky.cz\/wp-content\/uploads\/2018\/05\/G2RibbonSmall-1-e1542404458899.gif\" alt=\"\" width=\"70\" height=\"129\" \/><\/p>\n<p>&nbsp;<\/p>\n<p>Na\u0161e ko\u010dky s n\u00e1mi \u017eij\u00ed v byt\u011b 3+kk, plus maj\u00ed p\u0159\u00edstup na zabezpe\u010denou (zas\u00ed\u0165ovanou) terasu. Maj\u00ed p\u0159\u00edstup do v\u0161ech m\u00edstnost\u00ed jako my a nejsou nijak omezov\u00e1ny nebo odd\u011blov\u00e1ny, pokud to nen\u00ed nutn\u00e9 nap\u0159\u00edklad ze zdravotn\u00edch d\u016fvod\u016f nebo kdy\u017e ko\u010di\u010d\u00ed maminka pot\u0159ebuje klid na porod a v\u00fdchovu malink\u00fdch ko\u0165\u00e1tek. V sou\u010dasnosti s n\u00e1mi \u017eije trvale p\u011bt ko\u010dek. <a href=\"http:\/\/odkosticky.cz\/?page_id=155&amp;lang=cs\">SE*Scatters Flora<\/a> je na\u0161e zakladatelka rodu &#8211; sibi\u0159sk\u00e1 ko\u010di\u010dka, kterou jsme si p\u0159ivezli ze \u0160v\u00e9dska. Z Fl\u00f3r\u010dina prvn\u00edho vrhu (<a href=\"http:\/\/odkosticky.cz\/?page_id=32&amp;lang=cs\">vrh C &#8211; Cvr\u010dkov\u00e9<\/a>) jsme si doma nechali kr\u00e1snou a neboj\u00e1cnou <a href=\"http:\/\/odkosticky.cz\/?page_id=596&amp;lang=cs\">ko\u010di\u010dku Ciri<\/a>, kter\u00e1 m\u011bla v roce 2020 sv\u00e1 prvn\u00ed ko\u0165\u00e1tka, a mazliv\u00e9ho v\u0161udyb\u00fdlka <a href=\"http:\/\/odkosticky.cz\/?page_id=556&amp;lang=cs\">kocourka Cida<\/a>. C\u00ed\u010fa u n\u00e1s z\u016fstane jako kastrovan\u00fd mazl\u00edk a par\u0165\u00e1k na zloben\u00ed. Tak\u00e9 je to n\u00e1\u0161 showman, kter\u00fd v roce 2019 vyhr\u00e1l Speci\u00e1ln\u00ed v\u00fdstavu Sibi\u0159sk\u00fdch ko\u010dek a N\u011bvsk\u00fdch ma\u0161kar\u00e1d v kategorii kastr\u00e1t\u016f po\u0159\u00e1danou v Olomouci. K Cidovi letos p\u0159ibyl dal\u0161\u00ed <a href=\"http:\/\/odkosticky.cz\/?page_id=899&amp;lang=cs\">kocourek na zloben\u00ed Durin<\/a>. Na celou dom\u00e1cnost dohl\u00ed\u017e\u00ed a s klukama ob\u010das dov\u00e1d\u00ed na\u0161e <a href=\"http:\/\/odkosticky.cz\/?page_id=197&amp;lang=cs\">nejstar\u0161\u00ed ko\u010di\u010dka Bru\u0148\u010fa<\/a>, je j\u00ed u\u017e v\u00edc ne\u017e deset let a m\u00e1me ji jako mazl\u00ed\u010dka.<\/p>\n<p>&nbsp;<\/p>\n<p>Bli\u017e\u0161\u00ed informace o p\u00e9\u010di o ko\u010dky v na\u0161\u00ed chovatelsk\u00e9 stanici, rady a zku\u0161enosti naleznete na n\u00e1sleduj\u00edc\u00edch odkazech (sekce se bude postupn\u011b roz\u0161i\u0159ovat)<\/p>\n<p>1) <a href=\"http:\/\/odkosticky.cz\/?page_id=998&amp;lang=cs\">Z\u00e1kladn\u00ed v\u00fdbava<\/a> &#8211; kterou byste m\u011bli promyslet a po\u0159\u00eddit, ne\u017e si p\u0159inesete ko\u010di\u010d\u00e1ka dom\u016f, tipy na v\u00fdbavu od n\u00e1s.<\/p>\n<p>2) <a href=\"http:\/\/odkosticky.cz\/?page_id=343&amp;lang=cs\">Na\u0161e bydlen\u00ed<\/a> &#8211; Jak to vypad\u00e1 u n\u00e1s doma a pro\u010d na\u0161e ko\u010dky nechod\u00ed voln\u011b ven.<\/p>\n<p>3) <a href=\"http:\/\/odkosticky.cz\/?page_id=1008&amp;lang=cs\">Krmen\u00ed<\/a> &#8211; Jak a \u010d\u00edm krm\u00edm na\u0161e ko\u010dky a ko\u0165\u00e1tka. Tipy kde a co koupit.<\/p>\n<p>&nbsp;<\/p>\n","protected":false},"excerpt":{"rendered":"<p>Chovatelsk\u00fd c\u00edl a podm\u00ednky chovu U sv\u00fdch ko\u010dek i odchov\u016f se chci zam\u011b\u0159it zejm\u00e9na na jejich zdrav\u00ed a pohodu. Podrobn\u00e9 informace o zdravotn\u00edch vy\u0161et\u0159en\u00edch m\u00fdch ko\u010dek m\u016f\u017eete naj\u00edt na jejich\u00a0profilu. U ko\u010di\u010d\u00e1k\u016f, po kter\u00fdch pl\u00e1nuji ko\u0165\u00e1tka, najdete samoz\u0159ejm\u011b \u0161ir\u0161\u00ed spektrum zdravotn\u00edch vy\u0161et\u0159en\u00ed ne\u017e u kastrovan\u00fdch mazl\u00ed\u010dk\u016f, kte\u0159\u00ed s n\u00e1mi \u017eij\u00ed v dom\u00e1cnosti. Ale i kastr\u00e1ti &hellip; <\/p>\n<p class=\"link-more\"><a href=\"https:\/\/odkosticky.cz\/?page_id=338&#038;lang=cs\" class=\"more-link\">Pokra\u010dovat ve \u010dten\u00ed<span class=\"screen-reader-text\"> &#8222;Jak to u n\u00e1s chod\u00ed?&#8220;<\/span><\/a><\/p>\n","protected":false},"author":1,"featured_media":0,"parent":0,"menu_order":0,"comment_status":"closed","ping_status":"closed","template":"","meta":{"_mi_skip_tracking":false},"_links":{"self":[{"href":"https:\/\/odkosticky.cz\/index.php?rest_route=\/wp\/v2\/pages\/338"}],"collection":[{"href":"https:\/\/odkosticky.cz\/index.php?rest_route=\/wp\/v2\/pages"}],"about":[{"href":"https:\/\/odkosticky.cz\/index.php?rest_route=\/wp\/v2\/types\/page"}],"author":[{"embeddable":true,"href":"https:\/\/odkosticky.cz\/index.php?rest_route=\/wp\/v2\/users\/1"}],"replies":[{"embeddable":true,"href":"https:\/\/odkosticky.cz\/index.php?rest_route=%2Fwp%2Fv2%2Fcomments&post=338"}],"version-history":[{"count":13,"href":"https:\/\/odkosticky.cz\/index.php?rest_route=\/wp\/v2\/pages\/338\/revisions"}],"predecessor-version":[{"id":1076,"href":"https:\/\/odkosticky.cz\/index.php?rest_route=\/wp\/v2\/pages\/338\/revisions\/1076"}],"wp:attachment":[{"href":"https:\/\/odkosticky.cz\/index.php?rest_route=%2Fwp%2Fv2%2Fmedia&parent=338"}],"curies":[{"name":"wp","href":"https:\/\/api.w.org\/{rel}","templated":true}]}}