{"id":1112,"date":"2021-06-08T19:27:01","date_gmt":"2021-06-08T19:27:01","guid":{"rendered":"http:\/\/odkosticky.cz\/?page_id=1112"},"modified":"2022-01-19T17:42:03","modified_gmt":"2022-01-19T17:42:03","slug":"vrh-e","status":"publish","type":"page","link":"https:\/\/odkosticky.cz\/?page_id=1112&lang=cs","title":{"rendered":"Vrh E &#8211; Elf\u00edci"},"content":{"rendered":"\n<h2 class=\"has-text-align-center\">P\u0159edstavujeme V\u00e1m na\u0161e ko\u0165\u00e1tka<\/h2>\n\n\n\n<h1 class=\"has-text-align-center\">Vrh E (Elf\u00edci)<\/h1>\n\n\n\n<h2 class=\"has-text-align-center\">*6.6.2021<\/h2>\n\n\n\n<h5><strong>Rodi\u010de (fotografie a informace):<\/strong><\/h5>\n\n\n\n<figure class=\"wp-block-image size-large\"><a href=\"http:\/\/odkosticky.cz\/wp-content\/uploads\/2021\/06\/par-scaled.jpg\"><img loading=\"lazy\" width=\"1024\" height=\"541\" src=\"http:\/\/odkosticky.cz\/wp-content\/uploads\/2021\/06\/par-1024x541.jpg\" alt=\"\" class=\"wp-image-1113\" srcset=\"https:\/\/odkosticky.cz\/wp-content\/uploads\/2021\/06\/par-1024x541.jpg 1024w, https:\/\/odkosticky.cz\/wp-content\/uploads\/2021\/06\/par-300x159.jpg 300w, https:\/\/odkosticky.cz\/wp-content\/uploads\/2021\/06\/par-768x406.jpg 768w, https:\/\/odkosticky.cz\/wp-content\/uploads\/2021\/06\/par-1536x812.jpg 1536w, https:\/\/odkosticky.cz\/wp-content\/uploads\/2021\/06\/par-2048x1083.jpg 2048w\" sizes=\"(max-width: 767px) 89vw, (max-width: 1000px) 54vw, (max-width: 1071px) 543px, 580px\" \/><\/a><\/figure>\n\n\n\n<p class=\"has-medium-font-size\"><strong><a href=\"https:\/\/www.facebook.com\/media\/set\/?set=oa.568942477062581&amp;type=3\" data-type=\"URL\" data-id=\"https:\/\/www.facebook.com\/media\/set\/?set=oa.568942477062581&amp;type=3\">Imbir Sibella*RU<\/a><\/strong> \ud83d\udc95 <strong><a href=\"http:\/\/odkosticky.cz\/?page_id=596&amp;lang=cs\" data-type=\"URL\" data-id=\"http:\/\/odkosticky.cz\/?page_id=596&amp;lang=cs\">Ciri od Kosti\u010dky, CZ<\/a><\/strong><\/p>\n\n\n\n<p><strong>Barva otce:<\/strong>&nbsp;\u010dern\u011b zlat\u00fd te\u010dkovan\u00fd \u2013 ny 24<\/p>\n\n\n\n<p><strong>Barva matky:\u00a0<\/strong>\u010dern\u011b st\u0159\u00edb\u0159it\u00e1 te\u010dkovan\u00e1 s b\u00edlou (a se sunshine, tzv. bimetalic) \u2013 ns(u) 09 24<\/p>\n\n\n\n<p><strong>Rodokmeny:<\/strong> <a href=\"https:\/\/www.pawpeds.com\/db\/?a=p&amp;ids=3:1410626;2:1480047&amp;g=4&amp;p=sib&amp;o=elastic\">https:\/\/www.pawpeds.com\/db\/?a=p&amp;ids=3:1410626;2:1480047&amp;g=4&amp;p=sib&amp;o=elastic<\/a><\/p>\n\n\n\n<p>Oba rodi\u010de jsou testovan\u00ed na infek\u010dn\u00ed onemocn\u011bn\u00ed FIV a FeLV s negativn\u00edm v\u00fdsledkem a maj\u00ed sonografick\u00e9 vy\u0161et\u0159en\u00ed srdce a ledvin s negativn\u00edm n\u00e1lezem na genetick\u00e9 choroby HCM a PKD.<\/p>\n\n\n\n<p>Koeficient inbreedingu, vypo\u010d\u00edtan\u00fd p\u0159es celou zn\u00e1mou genealogii COI = 3,31%.<\/p>\n\n\n\n<p>P\u011btigenera\u010dn\u00ed AVK (koeficient ztr\u00e1ty p\u0159edk\u016f) = 100% (vysv\u011btlen\u00ed: v p\u011bti genera\u010dn\u00edm rodokmenu jsou v\u0161echna jm\u00e9na p\u0159edk\u016f unik\u00e1tn\u00ed a neopakuj\u00ed se).<\/p>\n\n\n\n<p>Ko\u0165ata nenesou vlohu pro point zbarven\u00ed, stejn\u011b jako oba jejich rodi\u010de.<\/p>\n\n\n\n<h5>Ko\u0165\u00e1tka:<\/h5>\n\n\n\n<figure class=\"wp-block-table\"><table><tbody><tr><td><strong>Jm\u00e9no<\/strong><\/td><td><strong>Pohlav\u00ed<\/strong><\/td><td><strong>Barva<\/strong><\/td><td><strong>Status<\/strong><\/td><\/tr><tr><td>Esm\u00e9e<\/td><td><a href=\"https:\/\/www.facebook.com\/media\/set\/?set=a.228852195717374&amp;type=3\" data-type=\"URL\" data-id=\"https:\/\/www.facebook.com\/media\/set\/?set=a.228852195717374&amp;type=3\">holka<\/a><\/td><td>SIB ns(u) 09 22 \u2013 \u010dern\u011b st\u0159\u00edb\u0159it\u00e1 mramorovan\u00e1 s b\u00edlou (bimetalic)<\/td><td>v nov\u00e9m domov\u011b v <a href=\"https:\/\/www.facebook.com\/chatteriedesibaventures\" data-type=\"URL\" data-id=\"https:\/\/www.facebook.com\/chatteriedesibaventures\">CHS de Sib&#8217;Aventures*FR<\/a><\/td><\/tr><tr><td>Eowyn<\/td><td><a href=\"https:\/\/www.facebook.com\/media\/set\/?set=a.228871862382074&amp;type=3\" data-type=\"URL\" data-id=\"https:\/\/www.facebook.com\/media\/set\/?set=a.228871862382074&amp;type=3\">holka<\/a><\/td><td>SIB ns(u) 24 \u2013 \u010dern\u011b st\u0159\u00edb\u0159it\u00e1 te\u010dkovan\u00e1 (bimetalic)<\/td><td>v nov\u00e9m domov\u011b (\u0160v\u00fdcarsko)<\/td><\/tr><tr><td>Egbert<\/td><td><a href=\"https:\/\/www.facebook.com\/media\/set\/?set=a.228884525714141&amp;type=3\" data-type=\"URL\" data-id=\"https:\/\/www.facebook.com\/media\/set\/?set=a.228884525714141&amp;type=3\">kluk<\/a><\/td><td>SIB ns(u) 24 \u2013 \u010dern\u011b st\u0159\u00edb\u0159it\u00fd te\u010dkovan\u00fd (bimetalic)<\/td><td>v nov\u00e9m domov\u011b v <a href=\"http:\/\/siberian-woodhome.eu\/\">CHS Wood Home*AT<\/a><\/td><\/tr><\/tbody><\/table><\/figure>\n\n\n\n<p>Fotky ko\u0165\u00e1tek najdete ve <a href=\"https:\/\/www.facebook.com\/odkosticky\/photos_albums\" data-type=\"URL\" data-id=\"https:\/\/www.facebook.com\/odkosticky\/photos_albums\">fotoalbech na facebooku<\/a> &#8211; klikn\u011bte na odkaz u ka\u017ed\u00e9ho ko\u0165\u00e1tka.+<\/p>\n\n\n\n<div class=\"wp-block-image\"><figure class=\"alignleft size-large is-resized\"><a href=\"https:\/\/odkosticky.cz\/wp-content\/uploads\/2022\/01\/Esmee.jpg\"><img loading=\"lazy\" src=\"https:\/\/odkosticky.cz\/wp-content\/uploads\/2022\/01\/Esmee-964x1024.jpg\" alt=\"\" class=\"wp-image-1220\" width=\"241\" height=\"256\" srcset=\"https:\/\/odkosticky.cz\/wp-content\/uploads\/2022\/01\/Esmee-964x1024.jpg 964w, https:\/\/odkosticky.cz\/wp-content\/uploads\/2022\/01\/Esmee-283x300.jpg 283w, https:\/\/odkosticky.cz\/wp-content\/uploads\/2022\/01\/Esmee-768x815.jpg 768w, https:\/\/odkosticky.cz\/wp-content\/uploads\/2022\/01\/Esmee.jpg 1051w\" sizes=\"(max-width: 241px) 100vw, 241px\" \/><\/a><figcaption>Esm\u00e9e<\/figcaption><\/figure><\/div>\n\n\n\n<div class=\"wp-block-image\"><figure class=\"alignleft size-large is-resized\"><a href=\"https:\/\/odkosticky.cz\/wp-content\/uploads\/2022\/01\/Eowyn.jpg\"><img loading=\"lazy\" src=\"https:\/\/odkosticky.cz\/wp-content\/uploads\/2022\/01\/Eowyn-961x1024.jpg\" alt=\"\" class=\"wp-image-1222\" width=\"240\" height=\"256\" srcset=\"https:\/\/odkosticky.cz\/wp-content\/uploads\/2022\/01\/Eowyn-961x1024.jpg 961w, https:\/\/odkosticky.cz\/wp-content\/uploads\/2022\/01\/Eowyn-282x300.jpg 282w, https:\/\/odkosticky.cz\/wp-content\/uploads\/2022\/01\/Eowyn-768x818.jpg 768w, https:\/\/odkosticky.cz\/wp-content\/uploads\/2022\/01\/Eowyn.jpg 1046w\" sizes=\"(max-width: 240px) 100vw, 240px\" \/><\/a><figcaption>Eowyn<\/figcaption><\/figure><\/div>\n\n\n\n<div class=\"wp-block-image\"><figure class=\"alignleft size-large is-resized\"><a href=\"https:\/\/odkosticky.cz\/wp-content\/uploads\/2022\/01\/Egbert.jpg\"><img loading=\"lazy\" src=\"https:\/\/odkosticky.cz\/wp-content\/uploads\/2022\/01\/Egbert-956x1024.jpg\" alt=\"\" class=\"wp-image-1223\" width=\"239\" height=\"256\" srcset=\"https:\/\/odkosticky.cz\/wp-content\/uploads\/2022\/01\/Egbert-956x1024.jpg 956w, https:\/\/odkosticky.cz\/wp-content\/uploads\/2022\/01\/Egbert-280x300.jpg 280w, https:\/\/odkosticky.cz\/wp-content\/uploads\/2022\/01\/Egbert-768x823.jpg 768w, https:\/\/odkosticky.cz\/wp-content\/uploads\/2022\/01\/Egbert.jpg 1042w\" sizes=\"(max-width: 239px) 100vw, 239px\" \/><\/a><figcaption>Egbert<\/figcaption><\/figure><\/div>\n","protected":false},"excerpt":{"rendered":"<p>P\u0159edstavujeme V\u00e1m na\u0161e ko\u0165\u00e1tka Vrh E (Elf\u00edci) *6.6.2021 Rodi\u010de (fotografie a informace): Imbir Sibella*RU \ud83d\udc95 Ciri od Kosti\u010dky, CZ Barva otce:&nbsp;\u010dern\u011b zlat\u00fd te\u010dkovan\u00fd \u2013 ny 24 Barva matky:\u00a0\u010dern\u011b st\u0159\u00edb\u0159it\u00e1 te\u010dkovan\u00e1 s b\u00edlou (a se sunshine, tzv. bimetalic) \u2013 ns(u) 09 24 Rodokmeny: https:\/\/www.pawpeds.com\/db\/?a=p&amp;ids=3:1410626;2:1480047&amp;g=4&amp;p=sib&amp;o=elastic Oba rodi\u010de jsou testovan\u00ed na infek\u010dn\u00ed onemocn\u011bn\u00ed FIV a FeLV s negativn\u00edm &hellip; <\/p>\n<p class=\"link-more\"><a href=\"https:\/\/odkosticky.cz\/?page_id=1112&#038;lang=cs\" class=\"more-link\">Pokra\u010dovat ve \u010dten\u00ed<span class=\"screen-reader-text\"> &#8222;Vrh E &#8211; Elf\u00edci&#8220;<\/span><\/a><\/p>\n","protected":false},"author":1,"featured_media":0,"parent":0,"menu_order":0,"comment_status":"closed","ping_status":"closed","template":"","meta":{"_mi_skip_tracking":false},"_links":{"self":[{"href":"https:\/\/odkosticky.cz\/index.php?rest_route=\/wp\/v2\/pages\/1112"}],"collection":[{"href":"https:\/\/odkosticky.cz\/index.php?rest_route=\/wp\/v2\/pages"}],"about":[{"href":"https:\/\/odkosticky.cz\/index.php?rest_route=\/wp\/v2\/types\/page"}],"author":[{"embeddable":true,"href":"https:\/\/odkosticky.cz\/index.php?rest_route=\/wp\/v2\/users\/1"}],"replies":[{"embeddable":true,"href":"https:\/\/odkosticky.cz\/index.php?rest_route=%2Fwp%2Fv2%2Fcomments&post=1112"}],"version-history":[{"count":14,"href":"https:\/\/odkosticky.cz\/index.php?rest_route=\/wp\/v2\/pages\/1112\/revisions"}],"predecessor-version":[{"id":1226,"href":"https:\/\/odkosticky.cz\/index.php?rest_route=\/wp\/v2\/pages\/1112\/revisions\/1226"}],"wp:attachment":[{"href":"https:\/\/odkosticky.cz\/index.php?rest_route=%2Fwp%2Fv2%2Fmedia&parent=1112"}],"curies":[{"name":"wp","href":"https:\/\/api.w.org\/{rel}","templated":true}]}}